50086 = 50082. Calculate h(r).
14
Let u(r) be the second derivative of -2*r**2 + 1/20*r**5 - r**3 + 0 + 18*r - 1/2*r**4. Determine u(7).
3
Let g(k) = -2*k. Let s(r) be the second derivative of -r**3/3 + 5*r**2/2 + 82*r. Let a(y) = 3*g(y) - s(y). Calculate a(-4).
11
Let z(u) be the first derivative of u**7/840 - u**6/72 - u**5/15 + 4*u**3 + 66. Let o(c) be the third derivative of z(c). Calculate o(6).
-12
Let y(q) = q**2 + 3*q + 11. Let m be y(-4). Let b(i) = 6*i - 14 + m - 4*i - 3*i. Give b(-6).
7
Suppose 4*f - 2*f - 5*g + 7 = 0, 5*g = 25. Let y(i) = i. Let o(h) = 5*h - 1. Let t(j) = f*y(j) - 2*o(j). What is t(4)?
-2
Let n(g) = -55*g + 50. Let z = 143 + -168. Let b(f) = 9*f - 8. Let c(i) = z*b(i) - 4*n(i). Calculate c(-1).
5
Let i(l) = -3*l**3 - 2*l**2 + 5*l - 5. Let y(c) = 7*c**3 + 3*c**2 - 10*c + 10. Suppose 4*a - 12 = a, f - 4*a = -11. Let h(p) = f*i(p) + 2*y(p). Calculate h(-6).
37
Let o(c) = -18*c**2 - c - c**3 - 10 + 13 - 21. Let s be o(-18). Suppose s*w - 3*w = -15. Let l(n) = n + 2. Determine l(w).
7
Let r be 1*-1 - -14*(11 + -12). Let a(h) = h**3 + 16*h**2 + 16*h + 4. Let g be a(r). Let t(i) = -i**2 - 10*i. What is t(g)?
-11
Let y(p) be the first derivative of -2*p**3/3 + 55*p**2/2 + 10*p + 52. Let t(c) = c**2 - 25*c - 5. Let j(s) = -13*t(s) - 6*y(s). Calculate j(-5).
5
Let z(w) = 22*w - 26. Let g(t) = -18*t + 26. Let r(h) = -3*g(h) - 2*z(h). What is r(3)?
4
Suppose -14*m - 11*m + 50 = 0. Let d(a) = -5*a + a**m + 15*a - 19*a + 10. Determine d(7).
-4
Suppose 272*f - 302*f = 30. Let o(j) = -40*j**3 - j**2 - j. What is o(f)?
40
Suppose -o + 162 = 3*o - j, o - 3*j = 46. Suppose 0 = -6*w + 16*w - o. Let x(k) = -k**3 + 5*k**2 - 5*k + 4. Determine x(w).
0
Let w(i) = -i**3 - i**2 + 3*i - 1. Let a(d) = 4*d**3 - 8*d**2 - 14*d - 15. Let c(l) = -a(l) - 2*w(l). What is c(6)?
-7
Let g be (-5)/(-60) - 2242/(-456). Let h(n) = n**2 - 6*n + 11. Give h(g).
6
Let s(l) = l. Let g(b) = 2*b**3 - 6*b + 3. Let c be g(2). Let h(o) = -2*o + 19. Let z be h(c). Calculate s(z).
5
Let z(p) be the second derivative of -1/6*p**3 + 1/20*p**5 + 0 - 2*p**2 - 112*p - 1/6*p**4. Give z(3).
2
Let j(f) = -6*f**2 - 7*f + 17. Let d(t) = 4*t**2 - t - 2. Let i(g) = d(g) + j(g). Give i(-7).
-27
Suppose 4*b = -4*i + 54 + 22, 0 = -4*b + 24. Let c(z) = z**2 - 12*z + 8. Calculate c(i).
21
Suppose 67*o = -4 + 205. Let s(k) be the second derivative of -1/12*k**4 + 2*k**2 - 5*k + 0 - k**o. Calculate s(-7).
-3
Suppose j - 3*k - 4 = 10, -k = -2*j + 13. Let z(c) = -2*c**2 + 82*c + 27. Let y(n) = -n**2 + 46*n + 15. Let p(w) = -7*y(w) + 4*z(w). Give p(j).
8
Suppose 4*b = -b + 5. Let l(u) = 380*u**3 - 13*u**2 - 13*u - 24. Let p(k) = -174*k**3 + 6*k**2 + 6*k + 11. Let h(i) = 6*l(i) + 13*p(i). What is h(b)?
17
Let p(y) = 7*y**2 - 24*y - 6. Let m(c) = -15*c**2 - 148*c + 24. Let f be m(-10). Determine p(f).
10
Let s(b) = -b + 7. Let f be ((-26)/(-5))/((-7)/(-35)). Suppose 4*w = 2*w - f. Let o = 18 + w. Determine s(o).
2
Let f(y) = 9*y**2 + 5*y - 15. Let w be f(-5). Suppose w + 315 = -10*n. Let c = 53 + n. Let j(o) = o**3 - 3*o**2 - o - 4. What is j(c)?
-7
Let p = 46 - 19. Let o = p + -23. Let y(s) = -1 - 5*s**3 + o*s**3 - 1 + 293*s**2 - 290*s**2. What is y(2)?
2
Let y(h) = -h**2 - 27*h - 34. Suppose f + 6*i + 16 = 0, 0 = -17*f + 13*f - 2*i - 64. What is y(f)?
142
Let l(y) = 18*y. Let h(j) = -2*j**2 - 72*j + 3. Let a(f) = h(f) + 2*l(f). Calculate a(-18).
3
Suppose 0 = 15*d - 11*d - 12. Suppose 1 + 2 = x - 4*b, -3*b = d. Let f(w) = w**3 + w**2 + w + 1. Determine f(x).
0
Let m(n) be the third derivative of -n**4/24 - n**3/6 + 16*n**2. Let o be m(-6). Let c be 1/((-4)/(-22)) + o/10. Let w(b) = b**2 - 6*b + 5. Calculate w(c).
5
Let v be -1 - 7/((-28)/16). Let p(u) = 2*u + 11. Let w(l) = -l - 6. Let k be 35/11 + 114/(-22) + 5. Let c(s) = k*p(s) + 5*w(s). Calculate c(v).
6
Let z(p) be the first derivative of -9*p**3 + 107*p**2/2 + p - 7806. Give z(4).
-3
Suppose -65*f + 57 = -39*f + 5. Let s(u) = 11*u - 11. Determine s(f).
11
Let s(z) = 255 + 20 + 640*z**2 + 80 - 32 + 36*z - 639*z**2. What is s(-17)?
0
Suppose 0 = 19*o - 24*o + 25, -4*b + 4*o - 32 = 0. Let l(f) be the second derivative of -f**5/20 - f**4/12 + f**3/6 + f**2 + f - 116. Give l(b).
17
Let c(q) = -2*q - 29. Let m be c(-15). Let n(v) = 3*v**2 - v + 2. Let u(r) = 25*r**2 - 5*r + 11. Let g(t) = 5*n(t) - u(t). Give g(m).
-11
Let n(i) = 2*i**2 + 14*i + 10. Let z = 20767 + -20772. Determine n(z).
-10
Let p = 37 - 8. Suppose 0 = u - 0*u + 2*y + 8, 2*u - 5*y = p. Let x(i) = i**2 - 5*i - 2 - 3*i**u + i**3 + 5*i**2 + 0*i**2. Give x(-4).
2
Let o be ((2/3)/(18/(-324)))/((-21)/(-14)). Let w(y) = -2*y**2 - 16*y - 1. Let c(z) = -z**2 - 8*z - 1. Let b(p) = -5*c(p) + 2*w(p). Calculate b(o).
3
Let v(y) be the second derivative of y**4/3 + y**3/2 - 3*y**2/2 + 8152*y. Suppose -2*t - 27 = -5*m, 4*t = 8*t + 4*m - 16. Let i be 45/25 - t/5. Give v(i).
19
Let k(j) be the third derivative of -j**5/60 - j**4/4 - 4*j**3/3 - 198*j**2. Determine k(-4).
0
Let d(q) be the first derivative of q**4/2 + 62*q**3/3 + 61*q**2/2 + 38*q + 10510. What is d(-30)?
8
Let m(p) = -6*p**2 - 2*p + 1. Suppose -2*d + 3*t = 15 - 5, 5*t - 20 = 0. Calculate m(d).
-7
Let q(m) = 2*m**3 + 4*m + 4. Let i be (-28 - -29)/((-3)/(-4)*2 + -2). Calculate q(i).
-20
Let z(b) be the first derivative of b**3/3 - 8*b**2 - 188*b - 9691. Determine z(24).
4
Let y(p) = -p**3 - 4*p**2 + 3. Suppose -536*m + 532*m = 36. Let a(d) be the third derivative of -d**4/12 - 11*d**3/3 + 2*d**2. Let x be a(m). Give y(x).
3
Let f(g) be the first derivative of 2*g**3/3 - 16*g**2 + 29*g + 17. Calculate f(15).
-1
Let q(n) = 2*n - 3. Let j(z) be the third derivative of z**6/120 - 2*z**5/15 + z**4/4 + 2*z**3/3 + 5*z**2 - 10. Let d be j(7). Give q(d).
-9
Let o(k) = 4*k - 1. Let y be (15/13 - 1) + (-432)/104. Let c = y + 6. Suppose -13 = -5*f - 2*l + 6*l, 3*f + 1 = -c*l. What is o(f)?
3
Let m(w) = -3*w**2 + 35*w - 8. Let l be (-30 - -9) + 96/3. Give m(l).
14
Let p(t) = 2*t**3 - 34*t**2 + 29*t + 64. Let c be p(16). Let k(q) = -q**2 + 14*q + 31. Give k(c).
-1
Let o be 438/42 - (-8)/14. Suppose -4*l - 9 = o, 0 = d - 2*l - 13. Let h(p) = 0*p + 3*p + 7 - 4*p + d. Give h(11).
-1
Let s = -66 + 73. Let f(h) = -h**2 + 5*h + 17. Let a be f(s). Let k(x) = -12988 + 7*x**a - x**2 + 12988. Determine k(1).
6
Let q(i) = 7*i**2 + 7*i + 5. Suppose -5*p - 3*t = 29, -2*t + 17 = -3*p + 11. What is q(p)?
89
Suppose 3*x + 4 = 4*l, 6*x - 3 = 7*x - 3*l. Let g(d) be the second derivative of 0 - 1/20*d**5 - 3/2*d**2 - 1/6*d**3 + 1/12*d**4 + d. Calculate g(x).
-3
Let u(l) = -2*l**3 + 24*l**2 + 5. Let w be 171/14 - 75/350. Calculate u(w).
5
Let f = 98 + -107. Let a(q) = -q**2 + 24*q + 296. What is a(f)?
-1
Let d = -210 - -207. Let c(v) = -5*v + 5. Let i(n) be the third derivative of n**4/4 - n**3 - 9*n**2. Let j(w) = -5*c(w) - 4*i(w). Determine j(d).
-4
Suppose -15*r = 9*r - 2*r. Suppose 243*d - 244*d - 7 = r. Let t(f) be the second derivative of -f**3/6 - 9*f**2/2 - f. Calculate t(d).
-2
Let m(u) = 23*u**3 - 16*u**2 + 18*u + 76. Let x(v) = 50*v**3 - 33*v**2 + 36*v + 172. Let r(j) = -13*m(j) + 6*x(j). What is r(-12)?
-28
Let p(o) = -5*o**2 - 9*o**3 - 6*o**3 + 24*o**3 - 9 - 7*o**3. Give p(4).
39
Let l(x) = 3*x - 1. Let t(b) = -20*b - 18. Let o(i) = 7*i + 7. Let a(k) = 8*o(k) + 3*t(k). Let q(m) = 2*a(m) + 3*l(m). What is q(3)?
4
Let s(d) = d + 2*d + 557350 - 557391. Give s(14).
1
Let r(n) = -n**3 + n**2 - 5*n + 3. Let x(j) = -j**3 - 67*j**2 - 313*j - 12. Let k be x(-5). Determine r(k).
-30
Let u(n) = -4*n**2 + n + 2. Let o(y) be the third derivative of 7/60*y**5 + 0*y + 0 + 3/8*y**4 - 8*y**2 - 1/2*y**3 + 1/120*y**6. Let h be o(-5). What is u(h)?
-12
Let a(j) = -j + 5. Let t be a(3). Let n(i) be the second derivative of -i**4/3 + 76819*i. Calculate n(t).
-16
Let c(o) = 63 + 20 + 14*o + 31 - 77. Determine c(-2).
9
Let p = 283379 - 283368. Let i(r) be the third derivative of r**6/120 - 11*r**5/60 + r**4/24 - r**3 + r**2. Give i(p).
5
Suppose -2*w + 179 + 113 = 0. Suppose -136 + w = -2*z. Let j(h) = -h**3 - 3 + 4 - 4*h**2 + 5*h + h. What is j(z)?
-4
Let v(k) = -k**2 - 4*k + 7. Let j be v(-6). Let a(h) be the third derivative of h**5/30 + h**4/6 - h**3 - h**2 + 2220*h. What is a(j)?
24
Let s(q) = -q + 7. Let t = 40 + -38. Suppose 2*p = w - 7, -5*w = t*p - 4 - 7. 